2*z + 46*s - 42*s, -2*s = 3*z - 18. Let w(v) = -v + 4. Give w(z).
-4
Let f(s) = -13*s + 25. Suppose -j = 49*w - 50*w + 2, 5*j + 4*w - 26 = 0. Calculate f(j).
-1
Let g(f) = -13 - 4*f**2 + 4*f**2 + f**2 - 14*f + f**2 + f**2. Let p be g(5). Let l(j) = j**2 + 9*j - 5. Give l(p).
-13
Let w = -21 + 24. Suppose 0 = q + 3*q - 3*z + 11, -3*q + w*z = 9. Let c be (q/6)/((-1)/6). Let s(b) = 2*b**3 - b**2 - b - 2. Give s(c).
8
Let f(n) = n**2 + 7 + 3 - 21 + 6 + 4*n + 1. Determine f(2).
8
Let o(r) = -r**2 - 4*r + 6. Let z(p) be the third derivative of -p**6/120 + p**5/10 - 3*p**4/4 + 59*p**3/6 - 19*p**2. Let f be z(5). Determine o(f).
-6
Let m(q) = -5*q**2 - 2*q + 3. Let h = 25 - 53. Let u = -26 - h. Let a(y) = -10*y**2 - 5*y + 7. Let o(c) = u*a(c) - 5*m(c). Give o(-1).
4
Suppose -23 = -5*z + 2. Suppose -2*t + 10 = -2*i, 0 = -4*t + 3*i + z + 10. Let h(k) = k**2 - k - 5. Determine h(t).
-5
Suppose 4*s = 2 - 30. Let v(j) = 4*j - 48. Let i be v(13). Let f(a) = -6 - 5 - a + 1 + i. Give f(s).
1
Let s(t) = -t**2 - 16*t - 6. Let b be s(-15). Let x(d) = -19*d + d + d + b + 9*d. What is x(6)?
-39
Let l(r) be the second derivative of 11*r**3/6 - r**2 - 7*r. Let a(w) = 5*w**2 + 119*w - 27. Let s be a(-24). What is l(s)?
-35
Let k(w) = w**3 - 3*w**2 - w - 3. Suppose -3*s - t - 186 = -3, s - 3*t = -71. Let d be s/(-31)*(2 - 2/4). Calculate k(d).
-6
Let r(s) = -s - 2. Let q(c) = c + 2. Let w(o) = 3*q(o) + 4*r(o). Let d(x) = -4*x - 11. Let a(v) = -d(v) + 5*w(v). Calculate a(-2).
3
Let i(m) = 2*m**3 - 8*m + 12. Suppose -w + 3*f = -20, -32 = -w - 0*f + 5*f. What is i(w)?
12
Let q(w) = 2*w**2 - w**2 - 16 + 3 + 7. Let s be q(3). Let z(l) = -10 + 10*l**2 - 8*l**s + 9*l**3 - 2*l**2 - l + 2. What is z(-8)?
0
Let v(d) = 2*d**2 + 7*d - 4. Let q = -6 + 2. Let b(a) = -a. Let r(t) = q*b(t) - v(t). Let c = 48 + -52. Give r(c).
-16
Suppose -o + 6 - 9 = 0. Let g(d) be the first derivative of -8 - d - d**2 - 1/3*d**3. Calculate g(o).
-4
Let p(a) = -3*a**2 - 48*a - 6. Suppose 21*u - u + 656 = -21*u. Calculate p(u).
-6
Let o(l) = -35085*l**2 + 35085*l**2 + 2*l**3 + 3 - 11*l**3 + 4*l. Give o(-1).
8
Let x(z) = -z**3 - 2*z**2 - 2. Suppose -5*u - 13*u + 36 = 0. Let q be (-3 + u)*3 - -3. Suppose 78*i - 83*i - 10 = q. Calculate x(i).
-2
Let x(a) = -39*a + 79. Suppose -3*y - 14 = -o - 9, -3*o + 8 = -2*y. Give x(o).
1
Let y(i) = -i**3 + 18*i**2 + 210*i - 48. Let q be y(26). Let z(d) = -5*d**2 - 14*d + 3. Calculate z(q).
-133
Let i(t) = 16*t**3 - 12*t**2 - 13*t - 18. Let q(s) = -3*s**3 + 2*s**2 + 2. Let l(n) = -i(n) - 5*q(n). Give l(7).
-146
Let y(v) = -v**3 - 7*v**2 + 4*v + 27. Let u = -7218 + 7211. Determine y(u).
-1
Suppose 4*t = -34 + 42. Let h(p) = -6 + 0 + p - t + 6. Let y(s) = -5*s - 7. Let r be y(-2). Determine h(r).
1
Let u(r) = r**2 + 8*r + 4. Let l(o) = -o**2 - 11*o - 28. Let v be l(-5). Suppose 2*n - 5 = -1. Let p be (v - 2) + 2 + -4*n. Calculate u(p).
-8
Let f(v) = 15*v + 1. Let c be 76/8*(-2 - -4). Let y be -1 + -3 + (c - -5)/4. What is f(y)?
31
Let b(u) = 7 - 3 - 33 - 354852*u**3 + 2*u + 354851*u**3 + 11*u**2. Give b(11).
-7
Let f(t) = 52 - 101*t + 32*t - 7*t + 37 + 37*t + 2*t**2. Let m be f(17). Let x(d) = d**3 - 5*d**2 - d - 3. Give x(m).
-23
Suppose -5*c + 7*c = 2. Let a be (45/36)/(2*c/16). Suppose a*f = 13*f - 9. Let l(r) = 5*r + 1. What is l(f)?
16
Let u(v) = v**2 - 5*v - 2. Let p = 190 - 176. Suppose 0 = -4*o + 3*x + p, 5*o - 4*x - 12 = o. Determine u(o).
-2
Let f(t) = 5*t + 3. Suppose -5*c = 3*g - 20, -c - 5 + 9 = 5*g. Let s(i) = i**2 - 2*i - 3. Let l be s(g). Calculate f(l).
-12
Let z(h) = 7*h**2 + 4*h + 13. Let u(j) = -9*j**2 - 4*j - 15. Let q(m) = 3*u(m) + 4*z(m). Let o be 280/(-45) + 4/18. Give q(o).
19
Let g(a) be the second derivative of a**4/12 + 11*a**3/3 + 63*a**2/2 - 3919*a. Give g(-19).
6
Suppose -2*h - 4*x = -468, 2*h - 66 = x + 407. Let c = 245 - h. Let a(o) = -o - 1. What is a(c)?
-10
Let n(d) = d**3 + d + 47*d**2 - 30*d**2 - 27*d**2 - 10. Let l be n(10). Let q(b) = b**2 + 3. Determine q(l).
3
Let n be (-4)/(-8) - (-83)/2. Suppose 2*j = 7*j - 2*u - 38, 5*j - 3*u - n = 0. Let g(r) = -14. Let z(w) = w - 72. Let a(p) = 5*g(p) - z(p). Calculate a(j).
-4
Suppose -85*b = 72*b - 4710. Let v(n) = -3*n**2 + 91*n - 29. Determine v(b).
1
Let k(q) = -2*q**3 - 7*q + 8. Let f(p) = -3*p**3 - p**2 - 8*p + 9. Let d(i) = -3*f(i) + 4*k(i). Suppose 33*h - 22*h = -2816. Let a = -260 - h. What is d(a)?
5
Let b(q) = 20*q - 124. Let z(l) = -80*l + 491. Let k(m) = -11*b(m) - 3*z(m). What is k(4)?
-29
Let l(s) = 2 - 178422*s - 7 - 2 - 2 + 356841*s - 178422*s. Let j(t) be the second derivative of -3*t**5/10 - 3*t. Let w be j(1). Determine l(w).
9
Let j = 7627 - 7637. Let x(r) = -r - 16. Determine x(j).
-6
Let l(m) = 7*m**2 - 7*m + 6. Let p(i) be the second derivative of -i**4/12 - i**2/2 + i. Suppose -x - 77 + 71 = 0. Let y(k) = x*p(k) - l(k). Give y(5).
10
Let y = -222 - -238. Let l(w) = -88*w - w**2 + y + 3 + 89*w - 5. Give l(4).
2
Let g(k) be the first derivative of -k**4/4 + 16*k**3/3 - 13*k**2/2 - 9*k + 126. Calculate g(15).
21
Suppose 10 = 4*w + w. Let h(d) = 3*d - 3*d**2 - 9*d**3 + 2*d**2 - w*d. Suppose -y + 3*j = 22 - 11, 5*j - 16 = 4*y. Give h(y).
-9
Let b be -2 + (-14)/7*-2. Let r(z) = -237*z**2 + 241*z**b + 2 - 32*z + 33*z - z**3. Calculate r(4).
6
Let v(m) be the first derivative of -m**2/2 + 3*m - 38760. Let d be (1/((-1)/(-6)))/2. Determine v(d).
0
Let n(c) = 216 - 217 + 0*c - c. Let h(a) = -3*a**2 + 2*a - 3. Let x be h(0). What is n(x)?
2
Suppose -15*c + 60 = 15*c. Suppose 7*z = -c*z + 90. Let x(t) = -t + 3. Give x(z).
-7
Let d(x) = -97 + 52 + 10*x + 43. Calculate d(3).
28
Let z(k) = -20*k + 107. Let r be z(5). Let t(g) = g**3 - 6*g**2 - 9*g + 10. Give t(r).
-4
Suppose z - 134 - 49 = 0. Let q = z + -181. Let t(j) = -j**3 + j**2 + j - 2. Determine t(q).
-4
Suppose -2*j = -8, 2*j - 230 + 168 = -3*x. Let i(y) = 3*y - 67. Give i(x).
-13
Let c(v) be the second derivative of -13*v**3/6 - 5*v**2/2 + 268*v. Let u(h) = -7*h - 3. Let z(y) = 4*c(y) - 7*u(y). What is z(1)?
-2
Let p(k) = 24*k**2 + k - 1. Let m(x) = 119*x**2 + 15*x - 11. Let b(l) = m(l) - 5*p(l). What is b(5)?
19
Let u(o) = -2*o**3 - 56*o**2 + o + 24. Suppose -z + 4*r = -4 + 32, 2*z - 4*r + 56 = 0. Let c be u(z). Let w(g) = -g - 1. Give w(c).
3
Let a(j) = -5*j - 4. Let x be 16/16 - -58*14. Let h be x/12 - (-9)/(-12). Let l = h + -71. Give a(l).
16
Let w(d) = d**3 - 4*d**2 - 3*d - 3. Let o be 12 + 2 + -6 + (-17)/(17/3). What is w(o)?
7
Let c(r) = -37*r + 2648. Let l(h) = -4*h + 289. Let d(u) = -6*c(u) + 55*l(u). Let z = 7 - 10. Determine d(z).
1
Let s(x) = -116*x - 8236. Let q be s(-71). Let j(n) = -2*n + 11. Give j(q).
11
Let i(m) = -3*m**2 + 12*m - 4. Let h(u) = -7*u**2 + 27*u - 8. Let r be (770/(-266) - -3) + 36/19. Let l(b) = r*h(b) - 5*i(b). Calculate l(5).
-1
Let q(x) = x**2 + 5*x - 8. Let p be -1*15/(-3)*20/50. Suppose -p*y - 49 = 5*y. What is q(y)?
6
Let n be 9/6*(-16)/24. Let h(b) be the first derivative of -7*b**3/3 - b - 24. Give h(n).
-8
Let w(x) = -x**3 - 5*x**2 + 3*x - 7. Let s be w(-6). Suppose -2*c = s - 1. Let r(b) = -1. Let m(f) = 4*f + 1. Let g(k) = m(k) - 6*r(k). Give g(c).
-13
Let v(t) be the second derivative of 9*t**7/280 + t**6/120 + t**5/120 - 13*t**3 - 5*t - 30. Let u(r) be the second derivative of v(r). Determine u(-1).
-25
Suppose -8 = -2*u + 46. Suppose -90 = -17*d + u*d. Let z(b) = -b**3 - 8*b**2 + 11*b + 10. Let r be z(d). Let i(v) = v - 2. Calculate i(r).
-10
Let g be 1/(-4 - 150/(-40)). Let u(o) = 2*o - 7. Let w(v) = 4*v - 13. Let k(c) = -11*u(c) + 6*w(c). What is k(g)?
-9
Let l(g) = g**3 + 14*g**2 + 11*g - 16. Suppose -213*v = -537*v - 4212. What is l(v)?
10
Let r(y) = y**2 - 5*y - 1. Suppose -a + 34 = 5*j, -5*a - 3*j = 8 - 46. Calculate r(a).
-5
Let q(y) = 5*y**3 + 6*y**3 + 12 + 1 + 18*y - 12*y**3 + 18 - 4*y**2. Calculate q(-6).
-5
Suppose w + 14 = -5*o - 19, -9*w - 77 = o. Let v(c) = -c**2 + 19. Calculate v(o).
-6
Let i(t) = -6*t + 1. Let p(o) = -73*o - 12. Let h be p(2). Let n = -155 - h. Give i(n).
-17
Let c(r) = 21*r**2 - 7*r + 7. Let v(w) = 32*w**2 - 7*w + 5. Let h(f) = -3*c(f) + 2*v(f). What is h(-5)?
-21
Let i(v) = v**2 + 3*v - 1. Let k be i(4). Let u = k - 21. Let y(n) = -n**2 + 0 + 6 - u + n**3. Give y(-1).
-2
Let q = -709 - -714. Let i(x) = 7 + 3*x**2 - x**3 + 0 + 5*x + 0*